{"id":614,"date":"2018-01-20T16:43:58","date_gmt":"2018-01-20T15:43:58","guid":{"rendered":"http:\/\/www.bradlo.cz\/?page_id=614"},"modified":"2024-04-21T17:37:30","modified_gmt":"2024-04-21T15:37:30","slug":"hotel-jablonsky","status":"publish","type":"page","link":"https:\/\/www.bradlo.cz\/?page_id=614","title":{"rendered":"Hotel Jablonsk\u00fd"},"content":{"rendered":"<p style=\"text-align: justify;\">Informace o hotelu Jablonsk\u00fd uv\u00e1d\u00ed Pam\u011btn\u00ed kniha politick\u00e9 obce Bradla, kterou za prvn\u00ed republiky psal kronik\u00e1\u0159 Jan \u0160trobl, po druh\u00e9 sv\u011btov\u00e9 v\u00e1lce do roku 1955 Eduard Rudolf, kter\u00fd zp\u011btn\u011b zaznamen\u00e1v\u00e1 \u00fadaje od roku 1939 a od roku 1956 a\u017e 1969 vede kroniku pan Anton\u00edn Pa\u0161tyka. Pan Pa\u0161tyka ji pravd\u011bpodobn\u011b p\u00ed\u0161e tak\u00e9 zp\u011btn\u011b, proto\u017ee v n\u00ed uv\u00e1d\u00ed \u201eDopln\u011bn\u00ed kroniky od r. 1956 a\u017e do 1968 jest dosti nesnadn\u00e9, nebo\u0165 za\u00a013\u00a0rok\u016f \u017e\u00e1dn\u00fd do kroniky nic nepsal\u201c.<\/p>\n<p style=\"text-align: justify;\">Kronik\u00e1\u0159 Jan \u0160trobl zaznamen\u00e1v\u00e1, \u017ee v\u00a0roce 1934 vedle sokolovny na pozemku pana Anton\u00edna Petr\u017e\u00edlka za\u010dal je\u0161t\u011b na podzim stav\u011bt nov\u00fd pension pan Karel Jablonsk\u00fd, obchodn\u00ed se d\u0159\u00edv\u00edm a ze\u0165 pana Petr\u017e\u00edlka. Brzy z\u00a0jara roku 1935 stavba pokra\u010dovala a byla dostav\u011bna. D\u00e1le uv\u00e1d\u00ed, \u017ee je to budova jednopatrov\u00e1, ale v\u00a0podkrov\u00ed jsou tak\u00e9 je\u0161t\u011b hostinsk\u00e9 pokoje. Celkem m\u00e1 pension 20 hostinsk\u00fdch pokoj\u016f. V\u00a0p\u0159\u00edzem\u00ed je byt majitele, p\u011bkn\u00e1 j\u00eddelna, koupelna a pot\u0159ebn\u00e9 m\u00edstnosti. Celkov\u00fd n\u00e1klad na v\u00fdstavbu \u010dinil asi 160\u00a0000 K\u010d. Pension je za vesnic\u00ed u sokolovny ve velice p\u011bkn\u00e9m m\u00edst\u011b, ale ta cesta, jak k pensionu, tak k\u00a0sokolovn\u011b moc uboh\u00e1. V\u00a0tom je pot\u0159eb\u00ed n\u00e1pravy. Pension m\u00e1 popisn\u00e9 \u010d\u00edslo 26 a byl v\u00a0sezon\u011b pln\u011b obsazen.<\/p>\n<p style=\"text-align: justify;\">Je zaj\u00edmav\u00e9, \u017ee oba v\u00fdznamn\u00e9 hotely v Bradle, Mare\u0161 a Jablonsk\u00fd, maj\u00ed \u010d\u00edslo popisn\u00e9 26.<\/p>\n<p style=\"text-align: justify;\">Pan Eduard Rudolf p\u00ed\u0161e, \u017ee hotel Jablonsk\u00fd od 1. ledna 1950 p\u0159evzala \u00dast\u0159edn\u00ed rada odbor\u016f pro rekreaci sv\u00fdch \u010dlen\u016f a byl p\u0159ejmenov\u00e1n na ozdravovnu STACHANOVEC. \u00dast\u0159edn\u00ed rada odbor\u016f STACHANOVEC spravuje do 1. ledna 1955, kdy ho p\u0159eb\u00edr\u00e1 do pron\u00e1jmu a sv\u00e9 spr\u00e1vy podnik st\u00e1tn\u00edho obchodu Restaurace a j\u00eddelny v\u00a0Praze. D\u00e1le pan Eduard Rudolf uv\u00e1d\u00ed, \u017ee Karel Jablonsk\u00fd v\u00a0roce 1963 um\u00edr\u00e1.<\/p>\n<p style=\"text-align: justify;\">Dal\u0161\u00ed kronik\u00e1\u0159 pan Anton\u00edn Pa\u0161tyka uv\u00e1d\u00ed jednu informaci o hotelu v\u00a0roce 1969, \u017ee hotel Jablonsk\u00fd m\u00e1 Tesla P\u0159elou\u010d. Tento n\u00e1rodn\u00ed podnik v\u00a0hotelu zabezpe\u010duje pro sv\u00e9 zam\u011bstnance rekreaci.<\/p>\n<p style=\"text-align: justify;\">Po roce 1989 byl penzion vr\u00e1cen p\u016fvodn\u00edm majitel\u016fm, Jan\u011b Jablonsk\u00e9, vdov\u011b po Karlu Jablonsk\u00e9m (syn p\u016fvodn\u00edho majitele), a jejich synovi Viktorovi, kte\u0159\u00ed ho pronaj\u00edmali. V 90. letech minul\u00e9ho stolet\u00ed se p\u0159ejmenov\u00e1v\u00e1 na Pension U Kozl\u016f a naz\u00fdv\u00e1 se tak i dodnes. Hotel majitel\u00e9 nab\u00edzeli k prodeji asi za 6 mil. K\u010d. M\u00e1 3 podla\u017e\u00ed, balkon, terasu, zastav\u011bnou plochu 1 163 m<sup><span style=\"font-size: small;\">2<\/span><\/sup><span style=\"color: #000000;\">, <span style=\"color: #333333;\">u\u017eitnou plochu 810 m<\/span><\/span><span style=\"color: #333333;\"><sup><span style=\"font-size: small;\">2<\/span><\/sup> a plocha zahrady je 2 255 m<sup><span style=\"font-size: small;\">2<\/span><\/sup>. Objekt byl prod\u00e1n.<\/span><\/p>\n<p>Zdroje:<br \/>Pam\u011btn\u00ed kniha politick\u00e9 obce Bradla.<br \/><a title=\"https:\/\/www.remax-czech.cz\/reality\/detail\/224933\/prodej-penzionu-810-m2-horni-bradlo\" href=\"https:\/\/www.remax-czech.cz\/reality\/detail\/224933\/prodej-penzionu-810-m2-horni-bradlo\" target=\"_blank\" rel=\"noopener\"> https:\/\/www.remax-czech.cz\/reality\/detail\/224933\/prodej-penzionu-810-m2-horni-bradlo<\/a><\/p>\n<p>Pohlednice a fotografie:<\/p>\n<p><a href=\"https:\/\/www.bradlo.cz\/wp-content\/uploads\/2018\/01\/Hotel-Jablonsk\u00fd-1.jpg\"><img loading=\"lazy\" decoding=\"async\" class=\"alignnone size-full wp-image-628\" src=\"https:\/\/www.bradlo.cz\/wp-content\/uploads\/2018\/01\/Hotel-Jablonsk\u00fd-1.jpg\" alt=\"hotel-jablonsky-1\" width=\"2644\" height=\"1094\" srcset=\"https:\/\/www.bradlo.cz\/wp-content\/uploads\/2018\/01\/Hotel-Jablonsk\u00fd-1.jpg 2644w, https:\/\/www.bradlo.cz\/wp-content\/uploads\/2018\/01\/Hotel-Jablonsk\u00fd-1-300x124.jpg 300w, https:\/\/www.bradlo.cz\/wp-content\/uploads\/2018\/01\/Hotel-Jablonsk\u00fd-1-2048x847.jpg 2048w\" sizes=\"auto, (max-width: 2644px) 100vw, 2644px\" \/><\/a><\/p>\n<p><a href=\"https:\/\/www.bradlo.cz\/wp-content\/uploads\/2018\/01\/Hotel-Jablonsk\u00fd-2.jpg\"><img loading=\"lazy\" decoding=\"async\" class=\"alignnone size-full wp-image-629\" src=\"https:\/\/www.bradlo.cz\/wp-content\/uploads\/2018\/01\/Hotel-Jablonsk\u00fd-2.jpg\" alt=\"hotel-jablonsky-2\" width=\"2598\" height=\"1079\" srcset=\"https:\/\/www.bradlo.cz\/wp-content\/uploads\/2018\/01\/Hotel-Jablonsk\u00fd-2.jpg 2598w, https:\/\/www.bradlo.cz\/wp-content\/uploads\/2018\/01\/Hotel-Jablonsk\u00fd-2-300x125.jpg 300w, https:\/\/www.bradlo.cz\/wp-content\/uploads\/2018\/01\/Hotel-Jablonsk\u00fd-2-2048x851.jpg 2048w\" sizes=\"auto, (max-width: 2598px) 100vw, 2598px\" \/><\/a><\/p>\n<p><a href=\"https:\/\/www.bradlo.cz\/wp-content\/uploads\/2018\/01\/Hotel-Jablonsk\u00fd-3.jpg\"><img loading=\"lazy\" decoding=\"async\" class=\"alignnone size-full wp-image-630\" src=\"https:\/\/www.bradlo.cz\/wp-content\/uploads\/2018\/01\/Hotel-Jablonsk\u00fd-3.jpg\" alt=\"hotel-jablonsky-3\" width=\"2674\" height=\"1079\" srcset=\"https:\/\/www.bradlo.cz\/wp-content\/uploads\/2018\/01\/Hotel-Jablonsk\u00fd-3.jpg 2674w, https:\/\/www.bradlo.cz\/wp-content\/uploads\/2018\/01\/Hotel-Jablonsk\u00fd-3-300x121.jpg 300w, https:\/\/www.bradlo.cz\/wp-content\/uploads\/2018\/01\/Hotel-Jablonsk\u00fd-3-2048x826.jpg 2048w\" sizes=\"auto, (max-width: 2674px) 100vw, 2674px\" \/><\/a><\/p>\n<p><a href=\"https:\/\/www.bradlo.cz\/wp-content\/uploads\/2018\/01\/Hotel-Jablonsk\u00fd-4.jpg\"><img loading=\"lazy\" decoding=\"async\" class=\"alignnone size-full wp-image-631\" src=\"https:\/\/www.bradlo.cz\/wp-content\/uploads\/2018\/01\/Hotel-Jablonsk\u00fd-4.jpg\" alt=\"hotel-jablonsky-4\" width=\"2613\" height=\"1048\" srcset=\"https:\/\/www.bradlo.cz\/wp-content\/uploads\/2018\/01\/Hotel-Jablonsk\u00fd-4.jpg 2613w, https:\/\/www.bradlo.cz\/wp-content\/uploads\/2018\/01\/Hotel-Jablonsk\u00fd-4-300x120.jpg 300w, https:\/\/www.bradlo.cz\/wp-content\/uploads\/2018\/01\/Hotel-Jablonsk\u00fd-4-2048x821.jpg 2048w\" sizes=\"auto, (max-width: 2613px) 100vw, 2613px\" \/><\/a><\/p>\n<p><a href=\"https:\/\/www.bradlo.cz\/wp-content\/uploads\/2018\/01\/Hotel-Jablonsk\u00fd-5.jpg\"><img loading=\"lazy\" decoding=\"async\" class=\"alignnone size-full wp-image-632\" src=\"https:\/\/www.bradlo.cz\/wp-content\/uploads\/2018\/01\/Hotel-Jablonsk\u00fd-5.jpg\" alt=\"hotel-jablonsky-5\" width=\"2644\" height=\"1064\" srcset=\"https:\/\/www.bradlo.cz\/wp-content\/uploads\/2018\/01\/Hotel-Jablonsk\u00fd-5.jpg 2644w, https:\/\/www.bradlo.cz\/wp-content\/uploads\/2018\/01\/Hotel-Jablonsk\u00fd-5-300x121.jpg 300w, https:\/\/www.bradlo.cz\/wp-content\/uploads\/2018\/01\/Hotel-Jablonsk\u00fd-5-2048x824.jpg 2048w\" sizes=\"auto, (max-width: 2644px) 100vw, 2644px\" \/><\/a><\/p>\n<p><a href=\"https:\/\/www.bradlo.cz\/wp-content\/uploads\/2018\/01\/Hotel-Jablonsk\u00fd-6.jpg\"><img loading=\"lazy\" decoding=\"async\" class=\"alignnone size-full wp-image-633\" src=\"https:\/\/www.bradlo.cz\/wp-content\/uploads\/2018\/01\/Hotel-Jablonsk\u00fd-6.jpg\" alt=\"hotel-jablonsky-6\" width=\"2629\" height=\"1094\" srcset=\"https:\/\/www.bradlo.cz\/wp-content\/uploads\/2018\/01\/Hotel-Jablonsk\u00fd-6.jpg 2629w, https:\/\/www.bradlo.cz\/wp-content\/uploads\/2018\/01\/Hotel-Jablonsk\u00fd-6-300x125.jpg 300w, https:\/\/www.bradlo.cz\/wp-content\/uploads\/2018\/01\/Hotel-Jablonsk\u00fd-6-2048x852.jpg 2048w\" sizes=\"auto, (max-width: 2629px) 100vw, 2629px\" \/><\/a><\/p>\n<p><a href=\"https:\/\/www.bradlo.cz\/wp-content\/uploads\/2018\/01\/Hotel-Jablonsk\u00fd-7.jpg\"><img loading=\"lazy\" decoding=\"async\" class=\"alignnone size-full wp-image-634\" src=\"https:\/\/www.bradlo.cz\/wp-content\/uploads\/2018\/01\/Hotel-Jablonsk\u00fd-7.jpg\" alt=\"hotel-jablonsky-7\" width=\"2674\" height=\"1216\" srcset=\"https:\/\/www.bradlo.cz\/wp-content\/uploads\/2018\/01\/Hotel-Jablonsk\u00fd-7.jpg 2674w, https:\/\/www.bradlo.cz\/wp-content\/uploads\/2018\/01\/Hotel-Jablonsk\u00fd-7-300x136.jpg 300w, https:\/\/www.bradlo.cz\/wp-content\/uploads\/2018\/01\/Hotel-Jablonsk\u00fd-7-2048x931.jpg 2048w\" sizes=\"auto, (max-width: 2674px) 100vw, 2674px\" \/><\/a><\/p>\n<p><a href=\"https:\/\/www.bradlo.cz\/wp-content\/uploads\/2018\/01\/Hotel-Jablonsk\u00fd-8.jpg\"><img loading=\"lazy\" decoding=\"async\" class=\"alignnone size-full wp-image-635\" src=\"https:\/\/www.bradlo.cz\/wp-content\/uploads\/2018\/01\/Hotel-Jablonsk\u00fd-8.jpg\" alt=\"hotel-jablonsky-8\" width=\"2568\" height=\"1079\" srcset=\"https:\/\/www.bradlo.cz\/wp-content\/uploads\/2018\/01\/Hotel-Jablonsk\u00fd-8.jpg 2568w, https:\/\/www.bradlo.cz\/wp-content\/uploads\/2018\/01\/Hotel-Jablonsk\u00fd-8-300x126.jpg 300w, https:\/\/www.bradlo.cz\/wp-content\/uploads\/2018\/01\/Hotel-Jablonsk\u00fd-8-2048x861.jpg 2048w\" sizes=\"auto, (max-width: 2568px) 100vw, 2568px\" \/><\/a><\/p>\n<p><a href=\"https:\/\/www.bradlo.cz\/wp-content\/uploads\/2018\/01\/Hotel-Jablonsk\u00fd-9.jpg\"><img loading=\"lazy\" decoding=\"async\" class=\"alignnone  wp-image-636\" src=\"https:\/\/www.bradlo.cz\/wp-content\/uploads\/2018\/01\/Hotel-Jablonsk\u00fd-9.jpg\" alt=\"hotel-jablonsky-9\" width=\"2735\" height=\"1261\" srcset=\"https:\/\/www.bradlo.cz\/wp-content\/uploads\/2018\/01\/Hotel-Jablonsk\u00fd-9.jpg 2735w, https:\/\/www.bradlo.cz\/wp-content\/uploads\/2018\/01\/Hotel-Jablonsk\u00fd-9-300x138.jpg 300w, https:\/\/www.bradlo.cz\/wp-content\/uploads\/2018\/01\/Hotel-Jablonsk\u00fd-9-2048x944.jpg 2048w\" sizes=\"auto, (max-width: 2735px) 100vw, 2735px\" \/><\/a><\/p>\n<figure id=\"attachment_690\" aria-describedby=\"caption-attachment-690\" style=\"width: 1641px\" class=\"wp-caption alignnone\"><a href=\"https:\/\/www.bradlo.cz\/wp-content\/uploads\/2018\/03\/Hotel-Jablonsk\u00fd-10.jpg\"><img loading=\"lazy\" decoding=\"async\" class=\"wp-image-690 size-full\" src=\"https:\/\/www.bradlo.cz\/wp-content\/uploads\/2018\/03\/Hotel-Jablonsk\u00fd-10.jpg\" alt=\"hotel-jablonsky-10\" width=\"1641\" height=\"1018\" srcset=\"https:\/\/www.bradlo.cz\/wp-content\/uploads\/2018\/03\/Hotel-Jablonsk\u00fd-10.jpg 1641w, https:\/\/www.bradlo.cz\/wp-content\/uploads\/2018\/03\/Hotel-Jablonsk\u00fd-10-300x186.jpg 300w\" sizes=\"auto, (max-width: 1641px) 100vw, 1641px\" \/><\/a><figcaption id=\"caption-attachment-690\" class=\"wp-caption-text\"><span style=\"color: #000000;\">Pohlednice odesl\u00e1na 29. 6. 1944, Ober Bradlo, fotograf Ant. Nygrin, Praha X, n\u00e1kladem Karel Jablonsk\u00fd. Text: &#8222;Pozdrav z Horn\u00edho Bradla zas\u00edl\u00e1 J. K. M\u00e1m se zde dob\u0159e.&#8220; Na sn\u00edmku hotel Jablonsk\u00fd, vila Kouck\u00e9ho a Kuli\u010dova.<\/span><\/figcaption><\/figure>\n<p><a href=\"https:\/\/www.bradlo.cz\/wp-content\/uploads\/2019\/03\/Hotel-Jablonsk\u00fd-11.jpg\"><img loading=\"lazy\" decoding=\"async\" class=\"alignnone size-full wp-image-861\" src=\"https:\/\/www.bradlo.cz\/wp-content\/uploads\/2019\/03\/Hotel-Jablonsk\u00fd-11.jpg\" alt=\"hotel-jablonsky-11\" width=\"3495\" height=\"2477\" srcset=\"https:\/\/www.bradlo.cz\/wp-content\/uploads\/2019\/03\/Hotel-Jablonsk\u00fd-11.jpg 3495w, https:\/\/www.bradlo.cz\/wp-content\/uploads\/2019\/03\/Hotel-Jablonsk\u00fd-11-300x213.jpg 300w, https:\/\/www.bradlo.cz\/wp-content\/uploads\/2019\/03\/Hotel-Jablonsk\u00fd-11-2048x1451.jpg 2048w\" sizes=\"auto, (max-width: 3495px) 100vw, 3495px\" \/><\/a><\/p>\n<p><a href=\"https:\/\/www.bradlo.cz\/wp-content\/uploads\/2019\/03\/Hotel-Jablonsk\u00fd-12.jpg\"><img loading=\"lazy\" decoding=\"async\" class=\"alignnone size-full wp-image-862\" src=\"https:\/\/www.bradlo.cz\/wp-content\/uploads\/2019\/03\/Hotel-Jablonsk\u00fd-12.jpg\" alt=\"hotel-jablonsky-12\" width=\"3510\" height=\"2340\" srcset=\"https:\/\/www.bradlo.cz\/wp-content\/uploads\/2019\/03\/Hotel-Jablonsk\u00fd-12.jpg 3510w, https:\/\/www.bradlo.cz\/wp-content\/uploads\/2019\/03\/Hotel-Jablonsk\u00fd-12-300x200.jpg 300w, https:\/\/www.bradlo.cz\/wp-content\/uploads\/2019\/03\/Hotel-Jablonsk\u00fd-12-2048x1365.jpg 2048w\" sizes=\"auto, (max-width: 3510px) 100vw, 3510px\" \/><\/a><\/p>\n<figure id=\"attachment_865\" aria-describedby=\"caption-attachment-865\" style=\"width: 1656px\" class=\"wp-caption alignnone\"><a href=\"https:\/\/www.bradlo.cz\/wp-content\/uploads\/2019\/03\/Scanned-at-12.3.2019-8-14.jpg\"><img loading=\"lazy\" decoding=\"async\" class=\"wp-image-865 size-full\" src=\"https:\/\/www.bradlo.cz\/wp-content\/uploads\/2019\/03\/Scanned-at-12.3.2019-8-14.jpg\" alt=\"scanned-at-12-3-2019-8-14\" width=\"1656\" height=\"1048\" srcset=\"https:\/\/www.bradlo.cz\/wp-content\/uploads\/2019\/03\/Scanned-at-12.3.2019-8-14.jpg 1656w, https:\/\/www.bradlo.cz\/wp-content\/uploads\/2019\/03\/Scanned-at-12.3.2019-8-14-300x190.jpg 300w\" sizes=\"auto, (max-width: 1656px) 100vw, 1656px\" \/><\/a><figcaption id=\"caption-attachment-865\" class=\"wp-caption-text\"><span style=\"color: #000000;\">Nepou\u017eit\u00e1 pohlednice, Ober Bradlo, fotograf Ant. Nygrin, Praha X, n\u00e1kladem Karel Jablonsk\u00fd. <\/span><\/figcaption><\/figure>\n<figure id=\"attachment_729\" aria-describedby=\"caption-attachment-729\" style=\"width: 1024px\" class=\"wp-caption alignnone\"><a href=\"https:\/\/www.bradlo.cz\/wp-content\/uploads\/2018\/03\/IMG_2987-\u2013-kopie.jpg\"><img loading=\"lazy\" decoding=\"async\" class=\"wp-image-729 size-full\" src=\"https:\/\/www.bradlo.cz\/wp-content\/uploads\/2018\/03\/IMG_2987-\u2013-kopie.jpg\" alt=\"img_2987-kopie\" width=\"1024\" height=\"765\" srcset=\"https:\/\/www.bradlo.cz\/wp-content\/uploads\/2018\/03\/IMG_2987-\u2013-kopie.jpg 1024w, https:\/\/www.bradlo.cz\/wp-content\/uploads\/2018\/03\/IMG_2987-\u2013-kopie-300x224.jpg 300w\" sizes=\"auto, (max-width: 1024px) 100vw, 1024px\" \/><\/a><figcaption id=\"caption-attachment-729\" class=\"wp-caption-text\"><span style=\"color: #000000;\"><strong>24. 3. 2018 &#8211; Hotel Jablonsk\u00fd.<\/strong><\/span><\/figcaption><\/figure>\n<figure id=\"attachment_730\" aria-describedby=\"caption-attachment-730\" style=\"width: 1024px\" class=\"wp-caption alignnone\"><a href=\"https:\/\/www.bradlo.cz\/wp-content\/uploads\/2018\/03\/IMG_2991-\u2013-kopie.jpg\"><img loading=\"lazy\" decoding=\"async\" class=\"wp-image-730 size-full\" src=\"https:\/\/www.bradlo.cz\/wp-content\/uploads\/2018\/03\/IMG_2991-\u2013-kopie.jpg\" alt=\"img_2991-kopie\" width=\"1024\" height=\"765\" srcset=\"https:\/\/www.bradlo.cz\/wp-content\/uploads\/2018\/03\/IMG_2991-\u2013-kopie.jpg 1024w, https:\/\/www.bradlo.cz\/wp-content\/uploads\/2018\/03\/IMG_2991-\u2013-kopie-300x224.jpg 300w\" sizes=\"auto, (max-width: 1024px) 100vw, 1024px\" \/><\/a><figcaption id=\"caption-attachment-730\" class=\"wp-caption-text\"><span style=\"color: #000000;\"><strong>24. 3. 2018 &#8211; Hotel Jablonsk\u00fd.<\/strong><\/span><\/figcaption><\/figure>\n<figure id=\"attachment_731\" aria-describedby=\"caption-attachment-731\" style=\"width: 1024px\" class=\"wp-caption alignnone\"><a href=\"https:\/\/www.bradlo.cz\/wp-content\/uploads\/2018\/03\/IMG_2994-\u2013-kopie.jpg\"><img loading=\"lazy\" decoding=\"async\" class=\"wp-image-731 size-full\" src=\"https:\/\/www.bradlo.cz\/wp-content\/uploads\/2018\/03\/IMG_2994-\u2013-kopie.jpg\" alt=\"img_2994-kopie\" width=\"1024\" height=\"765\" srcset=\"https:\/\/www.bradlo.cz\/wp-content\/uploads\/2018\/03\/IMG_2994-\u2013-kopie.jpg 1024w, https:\/\/www.bradlo.cz\/wp-content\/uploads\/2018\/03\/IMG_2994-\u2013-kopie-300x224.jpg 300w\" sizes=\"auto, (max-width: 1024px) 100vw, 1024px\" \/><\/a><figcaption id=\"caption-attachment-731\" class=\"wp-caption-text\"><span style=\"color: #000000;\"><strong>24. 3. 2018 &#8211; Hotel Jablonsk\u00fd.<\/strong><\/span><\/figcaption><\/figure>\n\n\n<figure class=\"wp-block-image size-full\"><img loading=\"lazy\" decoding=\"async\" width=\"1050\" height=\"1668\" src=\"https:\/\/www.bradlo.cz\/wp-content\/uploads\/2023\/08\/Scan_20230826_082100_012-1.jpg\" alt=\"\" class=\"wp-image-1468\" srcset=\"https:\/\/www.bradlo.cz\/wp-content\/uploads\/2023\/08\/Scan_20230826_082100_012-1.jpg 1050w, https:\/\/www.bradlo.cz\/wp-content\/uploads\/2023\/08\/Scan_20230826_082100_012-1-189x300.jpg 189w, https:\/\/www.bradlo.cz\/wp-content\/uploads\/2023\/08\/Scan_20230826_082100_012-1-768x1220.jpg 768w, https:\/\/www.bradlo.cz\/wp-content\/uploads\/2023\/08\/Scan_20230826_082100_012-1-967x1536.jpg 967w\" sizes=\"auto, (max-width: 1050px) 100vw, 1050px\" \/><\/figure>\n\n\n\n<p>Pension Jablonsk\u00fd.<\/p>\n","protected":false},"excerpt":{"rendered":"<p>Informace o hotelu Jablonsk\u00fd uv\u00e1d\u00ed Pam\u011btn\u00ed kniha politick\u00e9 obce Bradla, kterou za prvn\u00ed republiky psal kronik\u00e1\u0159 Jan \u0160trobl, po druh\u00e9 sv\u011btov\u00e9 v\u00e1lce do roku 1955 Eduard Rudolf, kter\u00fd zp\u011btn\u011b zaznamen\u00e1v\u00e1 \u00fadaje od roku 1939 a od roku 1956 a\u017e 1969 vede kroniku pan Anton\u00edn Pa\u0161tyka. Pan Pa\u0161tyka ji pravd\u011bpodobn\u011b p\u00ed\u0161e tak\u00e9 zp\u011btn\u011b, proto\u017ee v n\u00ed &hellip; <a href=\"https:\/\/www.bradlo.cz\/?page_id=614\" class=\"more-link\">Pokra\u010dov\u00e1n\u00ed textu <span class=\"screen-reader-text\">Hotel Jablonsk\u00fd<\/span><\/a><\/p>\n","protected":false},"author":2,"featured_media":0,"parent":0,"menu_order":0,"comment_status":"closed","ping_status":"closed","template":"","meta":{"footnotes":""},"class_list":["post-614","page","type-page","status-publish","hentry"],"_links":{"self":[{"href":"https:\/\/www.bradlo.cz\/index.php?rest_route=\/wp\/v2\/pages\/614","targetHints":{"allow":["GET"]}}],"collection":[{"href":"https:\/\/www.bradlo.cz\/index.php?rest_route=\/wp\/v2\/pages"}],"about":[{"href":"https:\/\/www.bradlo.cz\/index.php?rest_route=\/wp\/v2\/types\/page"}],"author":[{"embeddable":true,"href":"https:\/\/www.bradlo.cz\/index.php?rest_route=\/wp\/v2\/users\/2"}],"replies":[{"embeddable":true,"href":"https:\/\/www.bradlo.cz\/index.php?rest_route=%2Fwp%2Fv2%2Fcomments&post=614"}],"version-history":[{"count":26,"href":"https:\/\/www.bradlo.cz\/index.php?rest_route=\/wp\/v2\/pages\/614\/revisions"}],"predecessor-version":[{"id":1536,"href":"https:\/\/www.bradlo.cz\/index.php?rest_route=\/wp\/v2\/pages\/614\/revisions\/1536"}],"wp:attachment":[{"href":"https:\/\/www.bradlo.cz\/index.php?rest_route=%2Fwp%2Fv2%2Fmedia&parent=614"}],"curies":[{"name":"wp","href":"https:\/\/api.w.org\/{rel}","templated":true}]}}