{"id":1546,"date":"2024-10-08T13:57:18","date_gmt":"2024-10-08T11:57:18","guid":{"rendered":"https:\/\/www.bradlo.cz\/?page_id=1546"},"modified":"2024-10-09T11:33:22","modified_gmt":"2024-10-09T09:33:22","slug":"jan-utikal","status":"publish","type":"page","link":"https:\/\/www.bradlo.cz\/?page_id=1546","title":{"rendered":"Jan Ut\u00edkal"},"content":{"rendered":"\n<p>V&nbsp;dob\u011b pob\u011blohorsk\u00e9, b\u011bhem slezsk\u00fdch v\u00e1lek emigrovaly z&nbsp;n\u00e1bo\u017eensk\u00fdch d\u016fvod\u016f cel\u00e9 rodiny do prusk\u00e9ho Slezska. D\u011blo se tak pod ochranou vojska prusk\u00e9ho kr\u00e1le Fridricha II. Velik\u00e9ho. Hromadnou emigraci nekatol\u00edk\u016f zpo\u010d\u00e1tku organizoval Jan Liberda a zprost\u0159edkoval ji gener\u00e1l Christoph Wilhelm von Kalckstein.<\/p>\n\n\n\n<p>V&nbsp;\u010cech\u00e1ch&nbsp; zahrnovaly jezuitsk\u00e9 metody rekatolizace povinnou doch\u00e1zku na katolick\u00e9 bohoslu\u017eby, odp\u00edr\u00e1n\u00ed souhlasu vrchnosti k&nbsp;uzav\u00edr\u00e1n\u00ed s\u0148atk\u016f, n\u00e1siln\u00e9 odvody na vojnu, fyzick\u00e9 tresty, domovn\u00ed prohl\u00eddky atd. \u010c\u00edst nebo vlastnit Bibli bylo zak\u00e1z\u00e1no. M\u00edstodr\u017eitelsk\u00fd patent vydan\u00fd dne 29. ledna 1726 zp\u0159\u00edsnil tresty pro usv\u011bd\u010den\u00e9 nekatol\u00edky, a to od jednoho roku nucen\u00fdch prac\u00ed a\u017e po trest smrt\u00ed. Protestant\u016fm mohly b\u00fdt odebr\u00e1ny d\u011bti a p\u0159ed\u00e1ny do p\u00e9\u010de katolick\u00fdch opatrovn\u00edk\u016fm.<\/p>\n\n\n\n<p>Z&nbsp;Bradla (farnost Libice nad Doubravou) prokazateln\u011b uprchl v&nbsp;roce 1742 p\u0159es m\u011bste\u010dko M\u00fcnsterberg v&nbsp;prusk\u00e9m Slezsku:<\/p>\n\n\n\n<p><strong>Jan Ut\u00edkal<\/strong> (*1702, +19. srpna 1787 Husinec), hostinsk\u00fd z&nbsp;Bradla, utekl s&nbsp;celou svou rodinou. V M\u00fcnsterbergu se mu dne 7. z\u00e1\u0159\u00ed 1742 narodil syn Jan, kter\u00fd po deseti dnech zem\u0159el. V&nbsp;roce 1752 m\u011bla rodina Jana Ut\u00edkala deset \u010dlen\u016f. Pozd\u011bji v\u0161ichni ode\u0161li do Husince, kde zakoupili 21. srpna 1753 hospod\u00e1\u0159skou usedlost a v roce 1765 i domek u kostela. Jan Ut\u00edkal pak p\u0159evzal pr\u00e1ci kosteln\u00edka. Jeho syn Franti\u0161ek byl v roce 1778 v&nbsp;Husinci <strong>kon\u0161elem<\/strong> a <strong>slu\u0161n\u011b zaslou\u017eil\u00fd star\u0161\u00ed c\u00edrkevn\u00ed<\/strong>.<\/p>\n\n\n\n<p><strong>Zdroj:<\/strong><\/p>\n\n\n\n<p><a href=\"https:\/\/kiwix.syslog.cz\/content\/wikipedia_cs_all_maxi_2022-05\/A\/Doln%C3%AD_Bradlo\">https:\/\/kiwix.syslog.cz\/content\/wikipedia_cs_all_maxi_2022-05\/A\/Doln%C3%AD_Bradlo<\/a><\/p>\n\n\n\n<p><\/p>\n","protected":false},"excerpt":{"rendered":"<p>V&nbsp;dob\u011b pob\u011blohorsk\u00e9, b\u011bhem slezsk\u00fdch v\u00e1lek emigrovaly z&nbsp;n\u00e1bo\u017eensk\u00fdch d\u016fvod\u016f cel\u00e9 rodiny do prusk\u00e9ho Slezska. D\u011blo se tak pod ochranou vojska prusk\u00e9ho kr\u00e1le Fridricha II. Velik\u00e9ho. Hromadnou emigraci nekatol\u00edk\u016f zpo\u010d\u00e1tku organizoval Jan Liberda a zprost\u0159edkoval ji gener\u00e1l Christoph Wilhelm von Kalckstein. V&nbsp;\u010cech\u00e1ch&nbsp; zahrnovaly jezuitsk\u00e9 metody rekatolizace povinnou doch\u00e1zku na katolick\u00e9 bohoslu\u017eby, odp\u00edr\u00e1n\u00ed souhlasu vrchnosti k&nbsp;uzav\u00edr\u00e1n\u00ed s\u0148atk\u016f, n\u00e1siln\u00e9 &hellip; <a href=\"https:\/\/www.bradlo.cz\/?page_id=1546\" class=\"more-link\">Pokra\u010dov\u00e1n\u00ed textu <span class=\"screen-reader-text\">Jan Ut\u00edkal<\/span><\/a><\/p>\n","protected":false},"author":2,"featured_media":0,"parent":0,"menu_order":0,"comment_status":"open","ping_status":"closed","template":"","meta":{"footnotes":""},"class_list":["post-1546","page","type-page","status-publish","hentry"],"_links":{"self":[{"href":"https:\/\/www.bradlo.cz\/index.php?rest_route=\/wp\/v2\/pages\/1546","targetHints":{"allow":["GET"]}}],"collection":[{"href":"https:\/\/www.bradlo.cz\/index.php?rest_route=\/wp\/v2\/pages"}],"about":[{"href":"https:\/\/www.bradlo.cz\/index.php?rest_route=\/wp\/v2\/types\/page"}],"author":[{"embeddable":true,"href":"https:\/\/www.bradlo.cz\/index.php?rest_route=\/wp\/v2\/users\/2"}],"replies":[{"embeddable":true,"href":"https:\/\/www.bradlo.cz\/index.php?rest_route=%2Fwp%2Fv2%2Fcomments&post=1546"}],"version-history":[{"count":1,"href":"https:\/\/www.bradlo.cz\/index.php?rest_route=\/wp\/v2\/pages\/1546\/revisions"}],"predecessor-version":[{"id":1547,"href":"https:\/\/www.bradlo.cz\/index.php?rest_route=\/wp\/v2\/pages\/1546\/revisions\/1547"}],"wp:attachment":[{"href":"https:\/\/www.bradlo.cz\/index.php?rest_route=%2Fwp%2Fv2%2Fmedia&parent=1546"}],"curies":[{"name":"wp","href":"https:\/\/api.w.org\/{rel}","templated":true}]}}

Jan Utíkal

<p>V&nbsp;době pobělohorské, během slezských válek emigrovaly z&nbsp;náboženských důvodů celé rodiny do pruského Slezska. Dělo se tak pod ochranou vojska pruského krále Fridricha II. Velikého. Hromadnou emigraci nekatolíků zpočátku organizoval Jan Liberda a zprostředkoval ji generál Christoph Wilhelm von Kalckstein.</p>



<p>V&nbsp;Čechách&nbsp; zahrnovaly jezuitské metody rekatolizace povinnou docházku na katolické bohoslužby, odpírání souhlasu vrchnosti k&nbsp;uzavírání sňatků, násilné odvody na vojnu, fyzické tresty, domovní prohlídky atd. Číst nebo vlastnit Bibli bylo zakázáno. Místodržitelský patent vydaný dne 29. ledna 1726 zpřísnil tresty pro usvědčené nekatolíky, a to od jednoho roku nucených prací až po trest smrtí. Protestantům mohly být odebrány děti a předány do péče katolických opatrovníkům.</p>



<p>Z&nbsp;Bradla (farnost Libice nad Doubravou) prokazatelně uprchl v&nbsp;roce 1742 přes městečko Münsterberg v&nbsp;pruském Slezsku:</p>



<p><strong>Jan Utíkal</strong> (*1702, +19. srpna 1787 Husinec), hostinský z&nbsp;Bradla, utekl s&nbsp;celou svou rodinou. V Münsterbergu se mu dne 7. září 1742 narodil syn Jan, který po deseti dnech zemřel. V&nbsp;roce 1752 měla rodina Jana Utíkala deset členů. Později všichni odešli do Husince, kde zakoupili 21. srpna 1753 hospodářskou usedlost a v roce 1765 i domek u kostela. Jan Utíkal pak převzal práci kostelníka. Jeho syn František byl v roce 1778 v&nbsp;Husinci <strong>konšelem</strong> a <strong>slušně zasloužilý starší církevní</strong>.</p>



<p><strong>Zdroj:</strong></p>



<p><a href="https://kiwix.syslog.cz/content/wikipedia_cs_all_maxi_2022-05/A/Doln%C3%AD_Bradlo">https://kiwix.syslog.cz/content/wikipedia_cs_all_maxi_2022-05/A/Doln%C3%AD_Bradlo</a></p>



<p></p>

<p>V&nbsp;době pobělohorské, během slezských válek emigrovaly z&nbsp;náboženských důvodů celé rodiny do pruského Slezska. Dělo se tak pod ochranou vojska pruského krále Fridricha II. Velikého. Hromadnou emigraci nekatolíků zpočátku organizoval Jan Liberda a zprostředkoval ji generál Christoph Wilhelm von Kalckstein. V&nbsp;Čechách&nbsp; zahrnovaly jezuitské metody rekatolizace povinnou docházku na katolické bohoslužby, odpírání souhlasu vrchnosti k&nbsp;uzavírání sňatků, násilné &hellip; <a href="https://www.bradlo.cz/?page_id=1546" class="more-link">Pokračování textu <span class="screen-reader-text">Jan Utíkal</span></a></p>
