{"id":1171,"date":"2023-01-31T16:13:23","date_gmt":"2023-01-31T15:13:23","guid":{"rendered":"http:\/\/www.bradlo.cz\/?page_id=1171"},"modified":"2023-09-06T12:10:50","modified_gmt":"2023-09-06T10:10:50","slug":"muj-rodokmen","status":"publish","type":"page","link":"https:\/\/www.bradlo.cz\/?page_id=1171","title":{"rendered":"M\u016eJ   RODOKMEN"},"content":{"rendered":"<p style=\"text-align: justify;\">Na \u00favod vytvo\u0159en\u00e9ho rodokmenu mus\u00edm \u0159\u00edci, \u017ee p\u0159\u00edjmen\u00ed Najman se v matrik\u00e1ch uv\u00e1d\u011blo v r\u016fzn\u00fdch podob\u00e1ch &#8211; Neiman, Neimon, Neuman, Neumann, Najmon a Najman. Ve zkr\u00e1cen\u00e9 rodokmenu pou\u017e\u00edv\u00e1m sou\u010dasn\u00e9 na\u0161e p\u0159\u00edjmen\u00ed Najman.<\/p>\n<p>Maty\u00e1\u0161\u00a0 \u00a0 \u00a0 \u00a0 \u00a0 \u00a0 \u00a0 \u00a0 \u00a0 \u00a0 \u00a0 \u00a0 \u00a0 \u00a0 \u00a0 \u00a0 \u00a0 \u00a0 \u00a0 \u00a0 \u00a0 \u00a0 \u00a0 \u00a0 \u00a0 \u00a0 \u00a0 \u00a0 \u00a0\u0160\u00e1rka<br \/>\nViktorie\u00a0 \u00a0 \u00a0 \u00a0 \u00a0 \u00a0 \u00a0 \u00a0 \u00a0 \u00a0 \u00a0 \u00a0 \u00a0 \u00a0 \u00a0 \u00a0 \u00a0 \u00a0 \u00a0 \u00a0 \u00a0 \u00a0 \u00a0 \u00a0 \u00a0 \u00a0 \u00a0 \u00a0Tom\u00e1\u0161<br \/>\nIsabel<br \/>\nTobi\u00e1\u0161<\/p>\n<p>Pavel, syn\u00a0 \u00a0 \u00a0 \u00a0 \u00a0 \u00a0 \u00a0 \u00a0 \u00a0 \u00a0 \u00a0 \u00a0 \u00a0 \u00a0 \u00a0 \u00a0 \u00a0 \u00a0 \u00a0 \u00a0 \u00a0 \u00a0 \u00a0 \u00a0 \u00a0 \u00a0 Iveta, dcera<br \/>\nMichaela, snacha\u00a0 \u00a0 \u00a0 \u00a0 \u00a0 \u00a0 \u00a0 \u00a0 \u00a0 \u00a0 \u00a0 \u00a0 \u00a0 \u00a0 \u00a0 \u00a0 \u00a0 \u00a0 \u00a0 \u00a0Petr, ze\u0165<\/p>\n<p>Pavel Najman &#8211; to jsem j\u00e1, kter\u00fd p\u00ed\u0161e tyto str\u00e1nky<br \/>\nHelena, man\u017eelka<\/p>\n<p>Josef Najman,*Lipka, m\u016fj tat\u00ednek<br \/>\nAnna \u0160iklov\u00e1, *Rosice u Chrasti, moje maminka<\/p>\n<p>Josef Najman, *Lipka<br \/>\nKate\u0159ina Nepivodov\u00e1, *V\u00fdson\u00edn<\/p>\n<p>Franti\u0161ek Najman, *Lipka<br \/>\nJosefa Joskov\u00e1, *Velk\u00e1 St\u0159\u00edte\u017e<\/p>\n<p>Anna Najmanov\u00e1, *Lipka<br \/>\nAnton\u00edn Reme\u0161, *Chot\u011bbo\u0159, mlyn\u00e1\u0159, rod poch\u00e1zel z Mo\u017ed\u011bnice<\/p>\n<p>V\u00e1clav Najman, *Lipka<br \/>\nKate\u0159ina M\u00e1lkov\u00e1, *Lipka<\/p>\n<p>Mat\u011bj Najman, *?, o\u017eenil se s Dorotou roku 1766<br \/>\nDorota Hrdli\u010dkov\u00e1, *Lipka<\/p>\n<p>V\u00e1clav Najman, *?<br \/>\nRosina ??????, *?<\/p>\n","protected":false},"excerpt":{"rendered":"<p>Na \u00favod vytvo\u0159en\u00e9ho rodokmenu mus\u00edm \u0159\u00edci, \u017ee p\u0159\u00edjmen\u00ed Najman se v matrik\u00e1ch uv\u00e1d\u011blo v r\u016fzn\u00fdch podob\u00e1ch &#8211; Neiman, Neimon, Neuman, Neumann, Najmon a Najman. Ve zkr\u00e1cen\u00e9 rodokmenu pou\u017e\u00edv\u00e1m sou\u010dasn\u00e9 na\u0161e p\u0159\u00edjmen\u00ed Najman. Maty\u00e1\u0161\u00a0 \u00a0 \u00a0 \u00a0 \u00a0 \u00a0 \u00a0 \u00a0 \u00a0 \u00a0 \u00a0 \u00a0 \u00a0 \u00a0 \u00a0 \u00a0 \u00a0 \u00a0 \u00a0 \u00a0 \u00a0 \u00a0 \u00a0 &hellip; <a href=\"https:\/\/www.bradlo.cz\/?page_id=1171\" class=\"more-link\">Pokra\u010dov\u00e1n\u00ed textu <span class=\"screen-reader-text\">M\u016eJ   RODOKMEN<\/span><\/a><\/p>\n","protected":false},"author":2,"featured_media":0,"parent":0,"menu_order":0,"comment_status":"closed","ping_status":"closed","template":"","meta":{"footnotes":""},"class_list":["post-1171","page","type-page","status-publish","hentry"],"_links":{"self":[{"href":"https:\/\/www.bradlo.cz\/index.php?rest_route=\/wp\/v2\/pages\/1171","targetHints":{"allow":["GET"]}}],"collection":[{"href":"https:\/\/www.bradlo.cz\/index.php?rest_route=\/wp\/v2\/pages"}],"about":[{"href":"https:\/\/www.bradlo.cz\/index.php?rest_route=\/wp\/v2\/types\/page"}],"author":[{"embeddable":true,"href":"https:\/\/www.bradlo.cz\/index.php?rest_route=\/wp\/v2\/users\/2"}],"replies":[{"embeddable":true,"href":"https:\/\/www.bradlo.cz\/index.php?rest_route=%2Fwp%2Fv2%2Fcomments&post=1171"}],"version-history":[{"count":5,"href":"https:\/\/www.bradlo.cz\/index.php?rest_route=\/wp\/v2\/pages\/1171\/revisions"}],"predecessor-version":[{"id":1493,"href":"https:\/\/www.bradlo.cz\/index.php?rest_route=\/wp\/v2\/pages\/1171\/revisions\/1493"}],"wp:attachment":[{"href":"https:\/\/www.bradlo.cz\/index.php?rest_route=%2Fwp%2Fv2%2Fmedia&parent=1171"}],"curies":[{"name":"wp","href":"https:\/\/api.w.org\/{rel}","templated":true}]}}

MŮJ   RODOKMEN

<p style="text-align: justify;">Na úvod vytvořeného rodokmenu musím říci, že příjmení Najman se v matrikách uvádělo v různých podobách &#8211; Neiman, Neimon, Neuman, Neumann, Najmon a Najman. Ve zkrácené rodokmenu používám současné naše příjmení Najman.</p>
<p>Matyáš                                                         Šárka<br />
Viktorie                                                       Tomáš<br />
Isabel<br />
Tobiáš</p>
<p>Pavel, syn                                                    Iveta, dcera<br />
Michaela, snacha                                       Petr, zeť</p>
<p>Pavel Najman &#8211; to jsem já, který píše tyto stránky<br />
Helena, manželka</p>
<p>Josef Najman,*Lipka, můj tatínek<br />
Anna Šiklová, *Rosice u Chrasti, moje maminka</p>
<p>Josef Najman, *Lipka<br />
Kateřina Nepivodová, *Výsonín</p>
<p>František Najman, *Lipka<br />
Josefa Josková, *Velká Střítež</p>
<p>Anna Najmanová, *Lipka<br />
Antonín Remeš, *Chotěboř, mlynář, rod pocházel z Možděnice</p>
<p>Václav Najman, *Lipka<br />
Kateřina Málková, *Lipka</p>
<p>Matěj Najman, *?, oženil se s Dorotou roku 1766<br />
Dorota Hrdličková, *Lipka</p>
<p>Václav Najman, *?<br />
Rosina ??????, *?</p>

<p>Na úvod vytvořeného rodokmenu musím říci, že příjmení Najman se v matrikách uvádělo v různých podobách &#8211; Neiman, Neimon, Neuman, Neumann, Najmon a Najman. Ve zkrácené rodokmenu používám současné naše příjmení Najman. Matyáš                                              &hellip; <a href="https://www.bradlo.cz/?page_id=1171" class="more-link">Pokračování textu <span class="screen-reader-text">MŮJ   RODOKMEN</span></a></p>
